72076784?
True
Does 290 divide 233925470?
False
Does 13 divide 876341602?
False
Is 162 a factor of 3305772?
True
Is 7 a factor of 70623476?
True
Is 108652146 a multiple of 61?
False
Is 1459 a factor of 16987137?
True
Does 443 divide 899040591?
True
Does 2 divide 14390052?
True
Is 15 a factor of 18173284?
False
Does 14 divide 385279039?
False
Is 228 a factor of 3890417?
False
Is 87429283 a multiple of 17?
True
Does 35 divide 194436693?
False
Is 3654 a factor of 6147738751?
False
Is 1312349 a multiple of 323?
True
Is 1335 a factor of 2098620?
True
Does 19 divide 1369805?
True
Is 23110593 a multiple of 2009?
False
Does 161 divide 827834041?
False
Is 66759000 a multiple of 17?
True
Is 45 a factor of 31097007?
False
Does 6 divide 18082512?
True
Is 15 a factor of 265789695?
True
Does 98 divide 36970768?
False
Is 275709 a multiple of 5?
False
Does 2245 divide 637294885?
True
Is 18520850 a multiple of 145?
True
Is 146 a factor of 17659868?
True
Is 33 a factor of 23446797?
True
Does 1452 divide 49814799?
False
Is 76386151 a multiple of 347?
True
Is 17 a factor of 7305366307?
False
Does 2746 divide 262117492?
False
Does 138 divide 290309441?
False
Does 386 divide 5141441492?
False
Does 38 divide 441864626?
False
Is 19529064 a multiple of 87?
True
Is 1337 a factor of 1764406825?
False
Is 78 a factor of 38750421?
False
Is 11844751 a multiple of 87?
False
Does 54 divide 773365706?
False
Does 13 divide 96763816?
False
Is 464 a factor of 78524247?
False
Is 108698667 a multiple of 8?
False
Does 614 divide 6904235?
False
Is 21 a factor of 281180907?
True
Is 6 a factor of 171963567?
False
Does 33 divide 32466555?
True
Is 472088491 a multiple of 45?
False
Does 115 divide 820641840?
True
Does 5 divide 16191419?
False
Does 9 divide 4750200?
True
Does 1360 divide 38602886?
False
Is 46220870 a multiple of 20?
False
Is 39397316 a multiple of 43?
False
Does 2063 divide 546320006?
False
Is 14399932 a multiple of 16?
False
Is 97 a factor of 23909530?
True
Does 16 divide 438535792?
True
Does 20 divide 1805963360?
True
Is 122344410 a multiple of 17?
True
Is 10070641 a multiple of 5?
False
Does 203 divide 86961573?
False
Is 3192060 a multiple of 122?
False
Is 1267467453 a multiple of 63?
True
Does 73 divide 10060203?
True
Is 577379154 a multiple of 22?
True
Is 5821559 a multiple of 17?
False
Does 49 divide 1091747930?
True
Does 21 divide 5736330?
False
Is 493828515 a multiple of 9?
True
Is 43560052 a multiple of 524?
False
Is 14655900 a multiple of 30?
True
Does 33 divide 276311152?
False
Is 1685264 a multiple of 41?
True
Is 109607191 a multiple of 41?
False
Does 2331 divide 208472234?
False
Is 575 a factor of 11866334?
False
Does 252 divide 360825687?
False
Is 1893 a factor of 36320814?
False
Is 186 a factor of 80966809?
False
Is 4 a factor of 215016964?
True
Is 1294 a factor of 5983842?
False
Is 69261707 a multiple of 17?
False
Is 1796169144 a multiple of 327?
True
Is 162700978 a multiple of 823?
False
Is 16 a factor of 94233202?
False
Is 29 a factor of 55401725?
False
Is 896501007 a multiple of 42?
False
Is 16 a factor of 296475488?
True
Does 2562 divide 24906708?
False
Is 15 a factor of 953218317?
False
Does 35 divide 24834075?
True
Is 534 a factor of 300465819?
False
Is 2348867304 a multiple of 12?
True
Does 88 divide 131957922?
False
Is 18 a factor of 41906975?
False
Is 292272311 a multiple of 7?
False
Does 757 divide 1102809712?
True
Does 97 divide 19610725?
False
Is 2701 a factor of 11541373?
True
Is 60 a factor of 55658865?
False
Is 93 a factor of 3231492948?
True
Is 25 a factor of 1099164825?
True
Does 2 divide 6212441?
False
Is 395591023 a multiple of 79?
False
Is 72 a factor of 408012912?
True
Is 10 a factor of 42449479?
False
Is 267992984 a multiple of 14?
True
Is 12 a factor of 386135090?
False
Is 147141681 a multiple of 17?
True
Is 51 a factor of 3522011?
False
Is 47 a factor of 399817631?
False
Is 5457 a factor of 458938762?
False
Is 254215148 a multiple of 7?
False
Does 190 divide 23976452?
False
Is 961 a factor of 45618844?
False
Does 9 divide 14123820?
False
Is 2791 a factor of 154452349?
False
Is 103 a factor of 17833905?
False
Is 9 a factor of 74016228?
False
Is 86321842 a multiple of 40?
False
Does 107 divide 202908286?
False
Does 4 divide 44073912?
True
Is 256 a factor of 577149440?
True
Is 55 a factor of 3346475?
True
Is 592 a factor of 26863701?
False
Is 436021339 a multiple of 255?
False
Is 1017971721 a multiple of 70?
False
Does 79 divide 2031766714?
True
Is 191 a factor of 19032004?
True
Does 1436 divide 23951699?
False
Is 34367868 a multiple of 18?
True
Is 640 a factor of 1686661760?
True
Is 22 a factor of 199706650?
True
Is 125222615 a multiple of 3154?
False
Does 36 divide 1952323320?
False
Is 21634032 a multiple of 469?
True
Is 47000294 a multiple of 23?
False
Is 442615459 a multiple of 533?
True
Is 96238178 a multiple of 2583?
False
Is 358202880 a multiple of 3584?
True
Is 228 a factor of 77206665?
False
Does 1832 divide 155961824?
True
Is 3808080116 a multiple of 1211?
False
Is 5068 a factor of 885577252?
True
Is 1140 a factor of 83994223?
False
Does 8 divide 11466416?
True
Is 21503091 a multiple of 537?
True
Is 22 a factor of 42689482?
True
Does 99 divide 146472643?
False
Is 1344 a factor of 581411242?
False
Does 12 divide 217672200?
True
Is 36802080 a multiple of 168?
True
Is 6 a factor of 2340831408?
True
Does 26 divide 653185468?
True
Does 6 divide 1610697?
False
Is 49742340 a multiple of 1020?
True
Is 23 a factor of 168778508?
True
Is 473082045 a multiple of 391?
False
Does 56 divide 205070099?
False
Is 17 a factor of 1205324871?
True
Is 16252545 a multiple of 7?
False
Is 39455884 a multiple of 26?
True
Is 483806 a multiple of 14?
False
Is 4 a factor of 136697498?
False
Does 13 divide 2031842176?
True
Is 577 a factor of 11133433?
False
Is 2693 a factor of 128466503?
False
Is 40635882 a multiple of 21?
True
Is 3897685622 a multiple of 1386?
False
Does 60 divide 1065371809?
False
Is 1092 a factor of 2700725664?
True
Is 116888488 a multiple of 637?
False
Is 45931023 a multiple of 1999?
True
Does 18 divide 147140406?
True
Is 137881315 a multiple of 1865?
True
Does 978 divide 1697741647?
False
Does 58 divide 25820614?
True
Does 59 divide 28980387?
True
Is 1147644631 a multiple of 49?
True
Does 1640 divide 17736662?
False
Is 124344960 a multiple of 128?
True
Does 13 divide 5621689?
False
Is 20 a factor of 125416420?
True
Is 4409 a factor of 120677132?
False
Does 4712 divide 823045040?
True
Is 218650632 a multiple of 228?
True
Is 456802632 a multiple of 5148?
True
Does 52 divide 4085900?
True
Is 686097858 a multiple of 1398?
True
Is 29507589 a multiple of 48?
False
Does 25 divide 13843375?
True
Does 12 divide 103175156?
False
Does 8 divide 534151667?
False
Is 5 a factor of 117136155?
True
Does 1243 divide 114760930?
False
Is 30974160 a multiple of 336?
True
Does 13 divide 20405619?
True
Does 8 divide 440898808?
True
Is 480 a factor of 19428000?
True
Is 18 a factor of 236728104?
False
Is 48 a factor of 35918544?
True
Is 322055630 a multiple of 2587?
True
Is 149909310 a multiple of 477?
False
Is 37213789 a multiple of 1315?
False
Is 360 a factor of 283817089?
False
Is 400197680 a multiple of 1900?
False
Does 449 divide 31023842?
False
Is 13491687 a multiple of 11?
True
Does 2436 divide 1509557532?
True
Does 8 divide 18087466?
False
Is 25 a factor of 165619975?
True
Is 528107780 a multiple of 2241?
False
Is 56802581 a multiple of 9?
False
Is 999401970 a multiple of 76?
False
Does 44 divide 439382384?
False
Does 3217 divide 277618252?
False
Is 78556480 a multiple of 160?
True
Is 23 a factor of 1335273?
False
Is 28251508 a multiple of 8?
False
Is 114 a factor of 27593244?
True
Is 1062277772 a multiple of 59?
True
Is 11 a factor of 20445582?
False
Is 1586056736 a multiple of 1504?
True
Is 1103674 a multiple of 286?
True
Does 3288 divide 339561624?
True
Is 2590 a factor of 411982413?
False
Is 33904370 a multiple of 436?
False
Is 108 a factor of 9799812?
True
Does 42 divide 23073162?
True
Is 2830984925 a multiple of 2876?
False
Does 196 divide 3281094?
False
Does 140 divide 2080231097?
False
Is 556 a factor of 25319359?
False
Is 175 a factor of 270560850?
True
Is 361 a factor of 54635906?
True
Does 40 divide 70777840?
True
Is 629000233 a multip